ide 4702401?
True
Is 35264 a multiple of 32?
True
Is 32 a factor of 11264?
True
Is 184536 a multiple of 466?
True
Does 37 divide 308136?
True
Is 793884 a multiple of 13?
True
Does 43 divide 258602?
True
Is 27 a factor of 291465?
True
Does 3 divide 1860?
True
Is 321984 a multiple of 234?
True
Does 10 divide 53340?
True
Is 1345113 a multiple of 33?
True
Does 9 divide 16542?
True
Is 76 a factor of 302100?
True
Is 1376712 a multiple of 9?
True
Does 141 divide 145089?
True
Does 25 divide 610083?
False
Does 12 divide 621843?
False
Does 442 divide 1283157?
False
Is 5910 even?
True
Does 2 divide 124452?
True
Does 115 divide 4988393?
False
Is 3 a factor of 10444852?
False
Is 631490 a multiple of 17?
False
Is 123 a factor of 39936?
False
Does 127 divide 432181?
True
Does 278 divide 1097097?
False
Does 134 divide 456136?
True
Is 26 a factor of 188448?
True
Is 5 a factor of 7176320?
True
Is 639 a factor of 619191?
True
Is 3239000 a multiple of 50?
True
Does 9 divide 210438?
True
Is 6276490 a multiple of 22?
True
Does 449 divide 1216790?
True
Does 163 divide 1714597?
True
Is 7 a factor of 3854549?
False
Is 339423 a multiple of 4?
False
Is 181823 a multiple of 120?
False
Is 508 a factor of 585609?
False
Is 27 a factor of 49491?
True
Is 13 a factor of 21469?
False
Is 1644580 a multiple of 35?
True
Does 61 divide 20810760?
True
Does 5 divide 169338?
False
Does 38 divide 190988?
True
Is 113876 a multiple of 28?
True
Is 108 a factor of 3352563?
False
Is 232064 a multiple of 37?
True
Does 4 divide 42947?
False
Is 8 a factor of 34192?
True
Is 6 a factor of 2748724?
False
Does 558 divide 266166?
True
Is 18 a factor of 119783?
False
Does 88 divide 5968776?
True
Is 1524773 a multiple of 26?
False
Is 1970501 a multiple of 13?
True
Is 80218 even?
True
Is 86 a factor of 150414?
True
Does 75 divide 131348?
False
Is 739084 a multiple of 29?
False
Does 639 divide 4736268?
True
Is 11 a factor of 3216047?
False
Does 536 divide 4171652?
False
Is 33275675 a multiple of 13?
False
Is 154736 a multiple of 38?
True
Is 63 a factor of 4639194?
True
Is 46367 a multiple of 3?
False
Is 250 a factor of 10320750?
True
Is 115 a factor of 11244341?
False
Is 137086 a multiple of 287?
False
Does 3 divide 88092?
True
Does 29 divide 12906?
False
Is 264626 a multiple of 274?
False
Is 6 a factor of 101442?
True
Is 440 a factor of 126476?
False
Is 61 a factor of 9722089?
False
Is 679587 a multiple of 359?
True
Is 1125823 a multiple of 211?
False
Does 14 divide 824874?
False
Is 26 a factor of 392366?
True
Does 96 divide 211124?
False
Is 36 a factor of 35643787?
False
Is 135 a factor of 98322?
False
Is 1389029 a multiple of 94?
False
Is 616585 a multiple of 79?
False
Is 50 a factor of 3421882?
False
Does 14 divide 2770086?
False
Is 5335785 a multiple of 7?
True
Does 459 divide 1547289?
True
Does 77 divide 8772379?
True
Is 6 a factor of 252535?
False
Is 9513926 a multiple of 64?
False
Does 291 divide 1684818?
False
Is 45 a factor of 118300?
False
Does 57 divide 156253?
False
Is 582 a factor of 3891834?
True
Is 7 a factor of 144473?
True
Is 10045 a multiple of 49?
True
Does 105 divide 3642994?
False
Is 43617 a multiple of 6?
False
Is 7252884 a multiple of 1164?
True
Is 630 a multiple of 12?
False
Does 462 divide 220942?
False
Is 2 a factor of 1399311?
False
Is 57 a factor of 16771160?
False
Is 179797 a multiple of 49?
False
Is 759 a factor of 11654745?
False
Is 649000 a multiple of 22?
True
Is 19 a factor of 10164373?
True
Is 2361750 a multiple of 470?
True
Is 1029 a factor of 4431814?
False
Is 15506620 a multiple of 20?
True
Is 6 a factor of 723851?
False
Is 2545752 a multiple of 33?
True
Is 734279 a multiple of 696?
False
Is 58 a factor of 357904?
False
Is 6 a factor of 123114?
True
Does 35 divide 37730?
True
Does 761 divide 1239669?
True
Does 404 divide 736492?
True
Is 186 a factor of 147498?
True
Does 38 divide 31315?
False
Is 301649 a multiple of 77?
False
Is 33 a factor of 52800?
True
Is 155430 a multiple of 55?
True
Is 44940 a multiple of 42?
True
Is 1969884 a multiple of 252?
True
Is 185 a factor of 1797275?
True
Is 55 a factor of 910525?
True
Does 65 divide 151890?
False
Is 16 a factor of 28192?
True
Does 242 divide 109626?
True
Is 40 a factor of 25120?
True
Is 379288 a multiple of 14?
True
Does 523 divide 6054510?
False
Is 566804 a multiple of 14?
True
Does 13 divide 2216606?
False
Is 43040 a multiple of 32?
True
Is 3587085 a multiple of 9?
True
Is 3201247 a multiple of 438?
False
Is 8 a factor of 526544?
True
Is 37 a factor of 4118766?
True
Is 1482104 a multiple of 26?
True
Is 4 a factor of 9462640?
True
Is 5815289 a multiple of 1303?
True
Does 3 divide 3807720?
True
Is 133 a factor of 10424540?
True
Is 5347088 a multiple of 230?
False
Does 948 divide 4358203?
False
Does 4 divide 27972?
True
Is 9284330 a multiple of 68?
False
Is 78 a factor of 284585?
False
Is 11438 a multiple of 133?
True
Is 1545536 a multiple of 656?
True
Does 52 divide 11599378?
False
Does 18 divide 31922?
False
Is 68618 even?
True
Is 247 a factor of 45290?
False
Is 29358 a multiple of 6?
True
Is 11 a factor of 108286?
False
Does 118 divide 9677?
False
Is 39 a factor of 79833?
True
Does 43 divide 341893?
True
Does 1103 divide 130471?
False
Is 174168 a multiple of 72?
True
Is 104 a factor of 102440?
True
Does 123 divide 257887?
False
Does 1788 divide 24618972?
True
Is 203134 a multiple of 73?
False
Is 173848 a multiple of 207?
False
Is 119 a factor of 119615?
False
Is 116676 a multiple of 63?
True
Does 3 divide 32393?
False
Is 119118 a multiple of 135?
False
Does 15 divide 97035?
True
Is 7407920 a multiple of 34?
True
Is 39141 a multiple of 9?
True
Is 13876539 a multiple of 36?
False
Does 211 divide 1492192?
True
Is 32 a factor of 505536?
True
Is 1684620 a multiple of 140?
True
Is 1671593 a multiple of 6?
False
Is 1071388 a multiple of 43?
True
Is 2790144 a multiple of 11?
False
Is 23 a factor of 657961?
True
Is 26145 a multiple of 15?
True
Is 8651330 a multiple of 109?
True
Is 17 a factor of 14227885?
False
Does 136 divide 134504?
True
Is 621860 a multiple of 20?
True
Is 1182400 a multiple of 400?
True
Is 68013 a multiple of 9?
True
Does 13 divide 756340?
True
Is 444 a factor of 6190248?
True
Is 2032944 a multiple of 123?
True
Does 56 divide 17427592?
True
Does 15 divide 17535?
True
Does 3 divide 43422?
True
Is 28 a factor of 16838?
False
Does 7 divide 104209?
True
Is 19 a factor of 293174?
False
Is 17 a factor of 1269645?
True
Does 14 divide 10845870?
True
Is 816 a factor of 5244555?
False
Is 6 a factor of 526692?
True
Does 4 divide 325760?
True
Is 7 a factor of 26845?
True
Is 613779 a multiple of 327?
True
Does 325 divide 59612?
False
Does 216 divide 2076408?
True
Does 388 divide 1153442?
False
Is 14 a factor of 410718?
True
Is 2999396 even?
True
Is 55 a factor of 101455?
False
Does 7 divide 1026088?
True
Does 30 divide 141840?
True
Does 10 divide 4935997?
False
Does 20 divide 830647?
False
Is 15 a factor of 771855?
True
Is 12951094 a multiple of 175?
False
Is 1124928 a multiple of 567?
True
Is 5 a factor of 41480?
True
Is 70771 a multiple of 16?
False
Is 4440 a multiple of 20?
True
Is 65545 a multiple of 4?
False
Does 17 divide 754532?
False
Is 680832 a multiple of 192?
True
Is 165 a factor of 42240?
True
Is 642616 a multiple of 20?
False
Does 683 divide 446682?
True
Is 33 a factor of 652795?
False
Does 396 divide 2259576?
True
Is 844846 a multiple of 2?
True
Is 12988313 a multiple of 75?
False
Is 24 a factor of 537360?
True
Is 211201 a multiple of 182?
False
Is 832464 a multiple of 738?
True
Is 64 a factor of 1153063?
False
Is 59 a factor of 3096202?
True
Is 391 a factor of 1910817?
True
Is 2693086 a multiple of 22?
True
Does 65 divide 3223675?
True
Is 1742235 a multiple of 770?
False
Does 8 divide 178840?
True
Does 35 divide 1370619?
False
Is 11 a factor of 74107?
True
Is 143 a factor of 96767?
False
Is 497 a factor of 168483?
True
Does 7 divide 3204255?
False
Is 66 a factor of 457764?
False
Does 1223 divide 298410?
False
Is 118 a factor of 1034388?
True
Is 344125 a multiple of 21?
False
Is 32 a factor of 3084256?
True
Is 64521 a multiple of 6?
False
Does 14 divide 8349376?
True
Is 12 a factor of 4745955?
False
Is 38 a factor of 80853?
False
Does 48 divide 8201834?
False
Is 74 a factor of 40876?
False
Is 1285